{"id":2455,"date":"2024-04-10T12:36:04","date_gmt":"2024-04-10T15:36:04","guid":{"rendered":"https:\/\/inovarrecursodemulta.com.br\/recursodemulta\/?page_id=2455"},"modified":"2024-04-10T13:32:22","modified_gmt":"2024-04-10T16:32:22","slug":"multa-free-flow-evasao-de-pedagio","status":"publish","type":"page","link":"https:\/\/inovarrecursodemulta.com.br\/recursodemulta\/multa-free-flow-evasao-de-pedagio\/","title":{"rendered":"Multa Free Flow &#8211; Evas\u00e3o de Ped\u00e1gio"},"content":{"rendered":"<h2>Multa Free Flow &#8211; Evas\u00e3o de Ped\u00e1gio<\/h2>\n<h2 class=\"section section-info\">RECORRER DE MULTA POR EVAS\u00c3O DE PED\u00c1GIO<\/h2>\n<p>o <strong>Free Flow<\/strong> &#8211; sistema de pagamento autom\u00e1tico de ped\u00e1gio &#8211; funciona por meio de equipamentos de monitoramento instalados em 3 p\u00f3rticos localizados no Estado do Rio de Janeiro nos km 414 (Itagua\u00ed), km 447 (Mangaratiba) e km 538 (Paraty), com capacidade de identificar 100% das passagens, seja por TAG ou leitura da placa.<\/p>\n<p>O novo ped\u00e1gio eletr\u00f4nico tem tr\u00eas formas de pagamento:<\/p>\n<p>O condutor do ve\u00edculo pode possuir uma tag de servi\u00e7os de cobran\u00e7a de ped\u00e1gio autom\u00e1tico fixada no para-brisa.<br \/>\nOu, o condutor dever\u00e1 acessar o App ou site da concession\u00e1ria respons\u00e1vel pela rodovia\/estrada e realizar o pagamento.<br \/>\nOutra forma \u00e9 realizar o pagamento em postos f\u00edsicos em determinados locais conveniados ao longo da rodovia e tamb\u00e9m nos totens de autoatendimento ainda durante a viagem.<\/p>\n<p>O condutor que passar por qualquer ped\u00e1gio e n\u00e3o realizar o pagamento, no caso do modelo <strong>Free Flow<\/strong> em at\u00e9 15 dias corridos, ter\u00e1 de arcar com o valor de R$195,23, al\u00e9m de 5 pontos na CNH do infrator, de acordo com o artigo 209 do CTB.<\/p>\n<p>O artigo 209-A foi inclu\u00eddo pela Lei n. 14.157\/21 para permitir a possibilidade de regulamenta\u00e7\u00e3o de ped\u00e1gios virtuais, conhecidos como <strong>Free Flow<\/strong> (fluxo livre), sem a necessidade de instala\u00e7\u00e3o de pra\u00e7as de cobran\u00e7a, a fim de que cada condutor de ve\u00edculo pague, proporcionalmente, por quil\u00f4metros rodados.<br \/>\nCondutor que passar pelas pistas de pagamento autom\u00e1tico sem pagar, est\u00e1 sujeita a multa de R$ 195,23 e cinco pontos na carteira\u00a0de\u00a0habilita\u00e7\u00e3o.<\/p>\n<p><span style=\"color: #993300;\"><a href=\"https:\/\/inovarrecursodemulta.com.br\/recursodemulta\/contato\/\"><strong>Fa\u00e7a seu recurso com uma empresa especializada: fale com a INOVAR RECURSO DE MULTA. <\/strong><\/a><\/span><\/p>\n<p>Conhe\u00e7a outros recursos nos quais atuamos:<\/p>\n<p><strong><ul id=\"menu-outras-multas\" class=\"menu\"><li id=\"menu-item-75\" class=\"menu-item menu-item-type-post_type menu-item-object-page menu-item-75\"><a href=\"https:\/\/inovarrecursodemulta.com.br\/recursodemulta\/multas-de-transito\/\">Multas de Tr\u00e2nsito<\/a><\/li>\n<li id=\"menu-item-1416\" class=\"menu-item menu-item-type-post_type menu-item-object-page menu-item-1416\"><a href=\"https:\/\/inovarrecursodemulta.com.br\/recursodemulta\/recurso-multa-prf\/\">Recurso Multa PRF<\/a><\/li>\n<li id=\"menu-item-1414\" class=\"menu-item menu-item-type-post_type menu-item-object-page menu-item-1414\"><a href=\"https:\/\/inovarrecursodemulta.com.br\/recursodemulta\/multas-mandatorias\/\">Multas Mandat\u00f3rias<\/a><\/li>\n<li id=\"menu-item-1415\" class=\"menu-item menu-item-type-post_type menu-item-object-page menu-item-1415\"><a href=\"https:\/\/inovarrecursodemulta.com.br\/recursodemulta\/multa-em-cnh-provisoria\/\">Multa em CNH Provis\u00f3ria<\/a><\/li>\n<li id=\"menu-item-2501\" class=\"menu-item menu-item-type-post_type menu-item-object-page menu-item-2501\"><a href=\"https:\/\/inovarrecursodemulta.com.br\/recursodemulta\/multa-free-flow-evasao-de-pedagio\/\">Multa Free Flow \u2013 Ped\u00e1gio<\/a><\/li>\n<li id=\"menu-item-74\" class=\"menu-item menu-item-type-post_type menu-item-object-page menu-item-74\"><a href=\"https:\/\/inovarrecursodemulta.com.br\/recursodemulta\/transferencia-de-responsabilidade\/\">Transfer\u00eancia Responsabilidade<\/a><\/li>\n<li id=\"menu-item-1835\" class=\"menu-item menu-item-type-post_type menu-item-object-page menu-item-1835\"><a href=\"https:\/\/inovarrecursodemulta.com.br\/recursodemulta\/recurso-motociclista\/\">Recurso Motociclista<\/a><\/li>\n<li id=\"menu-item-73\" class=\"menu-item menu-item-type-post_type menu-item-object-page menu-item-73\"><a href=\"https:\/\/inovarrecursodemulta.com.br\/recursodemulta\/troca-real-infrator\/\">Troca Real Infrator<\/a><\/li>\n<li id=\"menu-item-1967\" class=\"menu-item menu-item-type-custom menu-item-object-custom menu-item-1967\"><a href=\"#\">&#8212;&#8212;&#8212;&#8212;&#8212;&#8212;&#8212;<\/a><\/li>\n<li id=\"menu-item-1971\" class=\"menu-item menu-item-type-post_type menu-item-object-page menu-item-1971\"><a href=\"https:\/\/inovarrecursodemulta.com.br\/recursodemulta\/recurso-lei-seca\/\">Recurso Lei Seca<\/a><\/li>\n<li id=\"menu-item-1973\" class=\"menu-item menu-item-type-post_type menu-item-object-page menu-item-1973\"><a href=\"https:\/\/inovarrecursodemulta.com.br\/recursodemulta\/recorrer-bafometro\/\">Recorrer Baf\u00f4metro<\/a><\/li>\n<li id=\"menu-item-1969\" class=\"menu-item menu-item-type-post_type menu-item-object-page menu-item-1969\"><a href=\"https:\/\/inovarrecursodemulta.com.br\/recursodemulta\/processo-suspensao-cnh\/\">Recurso Suspens\u00e3o CNH<\/a><\/li>\n<li id=\"menu-item-1970\" class=\"menu-item menu-item-type-post_type menu-item-object-page menu-item-1970\"><a href=\"https:\/\/inovarrecursodemulta.com.br\/recursodemulta\/processo-cassacao-cnh\/\">Recurso Cassa\u00e7\u00e3o CNH<\/a><\/li>\n<li id=\"menu-item-1972\" class=\"menu-item menu-item-type-custom menu-item-object-custom menu-item-1972\"><a href=\"#\">&#8212;&#8212;&#8212;-<\/a><\/li>\n<li id=\"menu-item-1975\" class=\"menu-item menu-item-type-post_type menu-item-object-page menu-item-1975\"><a href=\"https:\/\/inovarrecursodemulta.com.br\/recursodemulta\/recurso-motociclista\/\">Recurso Motociclista<\/a><\/li>\n<li id=\"menu-item-1968\" class=\"menu-item menu-item-type-post_type menu-item-object-page menu-item-1968\"><a href=\"https:\/\/inovarrecursodemulta.com.br\/recursodemulta\/recurso-multa-motorista-profissional\/\">Recurso Multa Motorista Profissional<\/a><\/li>\n<li id=\"menu-item-1974\" class=\"menu-item menu-item-type-post_type menu-item-object-page menu-item-1974\"><a href=\"https:\/\/inovarrecursodemulta.com.br\/recursodemulta\/recurso-de-multa-para-frota-de-veiculo\/\">Recurso de Multa Para Frota de Ve\u00edculo<\/a><\/li>\n<\/ul><\/strong><\/p>\n<h3>Foi autuado em Multa FREE FLOW?<br \/>\nRecorra com a INOVAR e n\u00e3o perca pontos em sua CNH.<\/h3>\n<p><a href=\"https:\/\/web.whatsapp.com\/send?phone=5521972320304\" target=\"_blank\" rel=\"noopener\"><strong>Clique aqui para atendimento r\u00e1pido e online!<\/strong><\/a><\/p>\n\n<div class=\"contactinfo\">\n\t<div class=\"contactinfo-icon\"><img decoding=\"async\" src=\"https:\/\/inovarrecursodemulta.com.br\/recursodemulta\/wp-content\/uploads\/2021\/09\/support.png\" \/><\/div>\n\t<div class=\"contactinfo-content\">\n\t\t<h5><\/h5>\n\t\t<h4>(21) 97232-0304<\/h4>\n\t<\/div>\n<div class=\"clear\"><\/div>\n<\/div>\n\t\t\n<p><strong>Fique Atento:<\/strong><span style=\"color: #993300;\"><br \/>\n<a href=\"https:\/\/inovarrecursodemulta.com.br\/recursodemulta\/contato\/\"><strong>Fa\u00e7a seu recurso com uma empresa especializada: fale com a INOVAR RECURSO DE MULTA. <\/strong><\/a><\/span><\/p>\n<div id=\"attachment_1425\" style=\"width: 1034px\" class=\"wp-caption aligncenter\"><img loading=\"lazy\" decoding=\"async\" aria-describedby=\"caption-attachment-1425\" class=\"size-large wp-image-1425\" src=\"https:\/\/inovarrecursodemulta.com.br\/recursodemulta\/wp-content\/uploads\/2021\/09\/slide_cnh-1024x603.jpg\" alt=\"Processo Suspens\u00e3o CNH\" width=\"1024\" height=\"603\" srcset=\"https:\/\/inovarrecursodemulta.com.br\/recursodemulta\/wp-content\/uploads\/2021\/09\/slide_cnh-1024x603.jpg 1024w, https:\/\/inovarrecursodemulta.com.br\/recursodemulta\/wp-content\/uploads\/2021\/09\/slide_cnh-300x177.jpg 300w, https:\/\/inovarrecursodemulta.com.br\/recursodemulta\/wp-content\/uploads\/2021\/09\/slide_cnh-768x453.jpg 768w, https:\/\/inovarrecursodemulta.com.br\/recursodemulta\/wp-content\/uploads\/2021\/09\/slide_cnh.jpg 1400w\" sizes=\"auto, (max-width: 1024px) 100vw, 1024px\" \/><p id=\"caption-attachment-1425\" class=\"wp-caption-text\">Processo Suspens\u00e3o CNH<\/p><\/div>\n","protected":false},"excerpt":{"rendered":"<p>Multa Free Flow &#8211; Evas\u00e3o de Ped\u00e1gio RECORRER DE MULTA POR EVAS\u00c3O DE PED\u00c1GIO o Free Flow &#8211; sistema de pagamento autom\u00e1tico de ped\u00e1gio &#8211; funciona por meio de equipamentos de monitoramento instalados em 3 p\u00f3rticos localizados no Estado do Rio de Janeiro nos km 414 (Itagua\u00ed), km 447 (Mangaratiba) e km 538 (Paraty), com capacidade de identificar 100% das passagens, seja por TAG ou leitura da placa. O novo ped\u00e1gio eletr\u00f4nico tem tr\u00eas formas de pagamento: O condutor do ve\u00edculo pode possuir uma tag de servi\u00e7os de cobran\u00e7a de ped\u00e1gio autom\u00e1tico fixada no para-brisa. Ou, o condutor dever\u00e1 acessar&#8230; <\/p>\n","protected":false},"author":1,"featured_media":0,"parent":0,"menu_order":0,"comment_status":"closed","ping_status":"closed","template":"","meta":{"footnotes":"","_links_to":"","_links_to_target":""},"class_list":["post-2455","page","type-page","status-publish","hentry"],"yoast_head":"<!-- This site is optimized with the Yoast SEO plugin v26.7 - https:\/\/yoast.com\/wordpress\/plugins\/seo\/ -->\n<title>Multa Free Flow - Evas\u00e3o de Ped\u00e1gio - Recurso Lei Seca e Recurso de Multas RJ Recurso Lei Seca e Recurso de Multa RJ<\/title>\n<meta name=\"description\" content=\"Elaboramos recursos de multas e recurso de Lei Seca, t\u00e9cnicos experientes em processos administrativos junto ao Detran RJ e demais org\u00e3os de tr\u00e2nsito\" \/>\n<meta name=\"robots\" content=\"index, follow, max-snippet:-1, max-image-preview:large, max-video-preview:-1\" \/>\n<link rel=\"canonical\" href=\"https:\/\/inovarrecursodemulta.com.br\/recursodemulta\/multa-free-flow-evasao-de-pedagio\/\" \/>\n<meta property=\"og:locale\" content=\"pt_BR\" \/>\n<meta property=\"og:type\" content=\"article\" \/>\n<meta property=\"og:title\" content=\"Multa Free Flow - Evas\u00e3o de Ped\u00e1gio - Recurso Lei Seca e Recurso de Multas RJ Recurso Lei Seca e Recurso de Multa RJ\" \/>\n<meta property=\"og:description\" content=\"Elaboramos recursos de multas e recurso de Lei Seca, t\u00e9cnicos experientes em processos administrativos junto ao Detran RJ e demais org\u00e3os de tr\u00e2nsito\" \/>\n<meta property=\"og:url\" content=\"https:\/\/inovarrecursodemulta.com.br\/recursodemulta\/multa-free-flow-evasao-de-pedagio\/\" \/>\n<meta property=\"og:site_name\" content=\"Recurso Lei Seca e Recurso de Multas RJ\" \/>\n<meta property=\"article:publisher\" content=\"https:\/\/www.facebook.com\/inovarecursodemulta\/\" \/>\n<meta property=\"article:modified_time\" content=\"2024-04-10T16:32:22+00:00\" \/>\n<meta property=\"og:image\" content=\"https:\/\/inovarrecursodemulta.com.br\/recursodemulta\/wp-content\/uploads\/2021\/09\/slide_cnh-1024x603.jpg\" \/>\n<meta name=\"twitter:card\" content=\"summary_large_image\" \/>\n<meta name=\"twitter:label1\" content=\"Est. tempo de leitura\" \/>\n\t<meta name=\"twitter:data1\" content=\"3 minutos\" \/>\n<script type=\"application\/ld+json\" class=\"yoast-schema-graph\">{\"@context\":\"https:\/\/schema.org\",\"@graph\":[{\"@type\":\"WebPage\",\"@id\":\"https:\/\/inovarrecursodemulta.com.br\/recursodemulta\/multa-free-flow-evasao-de-pedagio\/\",\"url\":\"https:\/\/inovarrecursodemulta.com.br\/recursodemulta\/multa-free-flow-evasao-de-pedagio\/\",\"name\":\"Multa Free Flow - Evas\u00e3o de Ped\u00e1gio - Recurso Lei Seca e Recurso de Multas RJ Recurso Lei Seca e Recurso de Multa RJ\",\"isPartOf\":{\"@id\":\"https:\/\/inovarrecursodemulta.com.br\/recursodemulta\/#website\"},\"primaryImageOfPage\":{\"@id\":\"https:\/\/inovarrecursodemulta.com.br\/recursodemulta\/multa-free-flow-evasao-de-pedagio\/#primaryimage\"},\"image\":{\"@id\":\"https:\/\/inovarrecursodemulta.com.br\/recursodemulta\/multa-free-flow-evasao-de-pedagio\/#primaryimage\"},\"thumbnailUrl\":\"https:\/\/inovarrecursodemulta.com.br\/recursodemulta\/wp-content\/uploads\/2021\/09\/slide_cnh-1024x603.jpg\",\"datePublished\":\"2024-04-10T15:36:04+00:00\",\"dateModified\":\"2024-04-10T16:32:22+00:00\",\"description\":\"Elaboramos recursos de multas e recurso de Lei Seca, t\u00e9cnicos experientes em processos administrativos junto ao Detran RJ e demais org\u00e3os de tr\u00e2nsito\",\"breadcrumb\":{\"@id\":\"https:\/\/inovarrecursodemulta.com.br\/recursodemulta\/multa-free-flow-evasao-de-pedagio\/#breadcrumb\"},\"inLanguage\":\"pt-BR\",\"potentialAction\":[{\"@type\":\"ReadAction\",\"target\":[\"https:\/\/inovarrecursodemulta.com.br\/recursodemulta\/multa-free-flow-evasao-de-pedagio\/\"]}]},{\"@type\":\"ImageObject\",\"inLanguage\":\"pt-BR\",\"@id\":\"https:\/\/inovarrecursodemulta.com.br\/recursodemulta\/multa-free-flow-evasao-de-pedagio\/#primaryimage\",\"url\":\"https:\/\/inovarrecursodemulta.com.br\/recursodemulta\/wp-content\/uploads\/2021\/09\/slide_cnh.jpg\",\"contentUrl\":\"https:\/\/inovarrecursodemulta.com.br\/recursodemulta\/wp-content\/uploads\/2021\/09\/slide_cnh.jpg\",\"width\":1400,\"height\":825,\"caption\":\"Processo Suspens\u00e3o CNH\"},{\"@type\":\"BreadcrumbList\",\"@id\":\"https:\/\/inovarrecursodemulta.com.br\/recursodemulta\/multa-free-flow-evasao-de-pedagio\/#breadcrumb\",\"itemListElement\":[{\"@type\":\"ListItem\",\"position\":1,\"name\":\"In\u00edcio\",\"item\":\"https:\/\/inovarrecursodemulta.com.br\/recursodemulta\/\"},{\"@type\":\"ListItem\",\"position\":2,\"name\":\"Multa Free Flow &#8211; Evas\u00e3o de Ped\u00e1gio\"}]},{\"@type\":\"WebSite\",\"@id\":\"https:\/\/inovarrecursodemulta.com.br\/recursodemulta\/#website\",\"url\":\"https:\/\/inovarrecursodemulta.com.br\/recursodemulta\/\",\"name\":\"Recurso Lei Seca e Recurso de Multas RJ\",\"description\":\"Recurso Lei Seca e Recurso de Multas de Tr\u00e2nsito, Recurso CNH Suspensa no RJ\",\"potentialAction\":[{\"@type\":\"SearchAction\",\"target\":{\"@type\":\"EntryPoint\",\"urlTemplate\":\"https:\/\/inovarrecursodemulta.com.br\/recursodemulta\/?s={search_term_string}\"},\"query-input\":{\"@type\":\"PropertyValueSpecification\",\"valueRequired\":true,\"valueName\":\"search_term_string\"}}],\"inLanguage\":\"pt-BR\"}]}<\/script>\n<!-- \/ Yoast SEO plugin. -->","yoast_head_json":{"title":"Multa Free Flow - Evas\u00e3o de Ped\u00e1gio - Recurso Lei Seca e Recurso de Multas RJ Recurso Lei Seca e Recurso de Multa RJ","description":"Elaboramos recursos de multas e recurso de Lei Seca, t\u00e9cnicos experientes em processos administrativos junto ao Detran RJ e demais org\u00e3os de tr\u00e2nsito","robots":{"index":"index","follow":"follow","max-snippet":"max-snippet:-1","max-image-preview":"max-image-preview:large","max-video-preview":"max-video-preview:-1"},"canonical":"https:\/\/inovarrecursodemulta.com.br\/recursodemulta\/multa-free-flow-evasao-de-pedagio\/","og_locale":"pt_BR","og_type":"article","og_title":"Multa Free Flow - Evas\u00e3o de Ped\u00e1gio - Recurso Lei Seca e Recurso de Multas RJ Recurso Lei Seca e Recurso de Multa RJ","og_description":"Elaboramos recursos de multas e recurso de Lei Seca, t\u00e9cnicos experientes em processos administrativos junto ao Detran RJ e demais org\u00e3os de tr\u00e2nsito","og_url":"https:\/\/inovarrecursodemulta.com.br\/recursodemulta\/multa-free-flow-evasao-de-pedagio\/","og_site_name":"Recurso Lei Seca e Recurso de Multas RJ","article_publisher":"https:\/\/www.facebook.com\/inovarecursodemulta\/","article_modified_time":"2024-04-10T16:32:22+00:00","og_image":[{"url":"https:\/\/inovarrecursodemulta.com.br\/recursodemulta\/wp-content\/uploads\/2021\/09\/slide_cnh-1024x603.jpg","type":"","width":"","height":""}],"twitter_card":"summary_large_image","twitter_misc":{"Est. tempo de leitura":"3 minutos"},"schema":{"@context":"https:\/\/schema.org","@graph":[{"@type":"WebPage","@id":"https:\/\/inovarrecursodemulta.com.br\/recursodemulta\/multa-free-flow-evasao-de-pedagio\/","url":"https:\/\/inovarrecursodemulta.com.br\/recursodemulta\/multa-free-flow-evasao-de-pedagio\/","name":"Multa Free Flow - Evas\u00e3o de Ped\u00e1gio - Recurso Lei Seca e Recurso de Multas RJ Recurso Lei Seca e Recurso de Multa RJ","isPartOf":{"@id":"https:\/\/inovarrecursodemulta.com.br\/recursodemulta\/#website"},"primaryImageOfPage":{"@id":"https:\/\/inovarrecursodemulta.com.br\/recursodemulta\/multa-free-flow-evasao-de-pedagio\/#primaryimage"},"image":{"@id":"https:\/\/inovarrecursodemulta.com.br\/recursodemulta\/multa-free-flow-evasao-de-pedagio\/#primaryimage"},"thumbnailUrl":"https:\/\/inovarrecursodemulta.com.br\/recursodemulta\/wp-content\/uploads\/2021\/09\/slide_cnh-1024x603.jpg","datePublished":"2024-04-10T15:36:04+00:00","dateModified":"2024-04-10T16:32:22+00:00","description":"Elaboramos recursos de multas e recurso de Lei Seca, t\u00e9cnicos experientes em processos administrativos junto ao Detran RJ e demais org\u00e3os de tr\u00e2nsito","breadcrumb":{"@id":"https:\/\/inovarrecursodemulta.com.br\/recursodemulta\/multa-free-flow-evasao-de-pedagio\/#breadcrumb"},"inLanguage":"pt-BR","potentialAction":[{"@type":"ReadAction","target":["https:\/\/inovarrecursodemulta.com.br\/recursodemulta\/multa-free-flow-evasao-de-pedagio\/"]}]},{"@type":"ImageObject","inLanguage":"pt-BR","@id":"https:\/\/inovarrecursodemulta.com.br\/recursodemulta\/multa-free-flow-evasao-de-pedagio\/#primaryimage","url":"https:\/\/inovarrecursodemulta.com.br\/recursodemulta\/wp-content\/uploads\/2021\/09\/slide_cnh.jpg","contentUrl":"https:\/\/inovarrecursodemulta.com.br\/recursodemulta\/wp-content\/uploads\/2021\/09\/slide_cnh.jpg","width":1400,"height":825,"caption":"Processo Suspens\u00e3o CNH"},{"@type":"BreadcrumbList","@id":"https:\/\/inovarrecursodemulta.com.br\/recursodemulta\/multa-free-flow-evasao-de-pedagio\/#breadcrumb","itemListElement":[{"@type":"ListItem","position":1,"name":"In\u00edcio","item":"https:\/\/inovarrecursodemulta.com.br\/recursodemulta\/"},{"@type":"ListItem","position":2,"name":"Multa Free Flow &#8211; Evas\u00e3o de Ped\u00e1gio"}]},{"@type":"WebSite","@id":"https:\/\/inovarrecursodemulta.com.br\/recursodemulta\/#website","url":"https:\/\/inovarrecursodemulta.com.br\/recursodemulta\/","name":"Recurso Lei Seca e Recurso de Multas RJ","description":"Recurso Lei Seca e Recurso de Multas de Tr\u00e2nsito, Recurso CNH Suspensa no RJ","potentialAction":[{"@type":"SearchAction","target":{"@type":"EntryPoint","urlTemplate":"https:\/\/inovarrecursodemulta.com.br\/recursodemulta\/?s={search_term_string}"},"query-input":{"@type":"PropertyValueSpecification","valueRequired":true,"valueName":"search_term_string"}}],"inLanguage":"pt-BR"}]}},"_links":{"self":[{"href":"https:\/\/inovarrecursodemulta.com.br\/recursodemulta\/wp-json\/wp\/v2\/pages\/2455","targetHints":{"allow":["GET"]}}],"collection":[{"href":"https:\/\/inovarrecursodemulta.com.br\/recursodemulta\/wp-json\/wp\/v2\/pages"}],"about":[{"href":"https:\/\/inovarrecursodemulta.com.br\/recursodemulta\/wp-json\/wp\/v2\/types\/page"}],"author":[{"embeddable":true,"href":"https:\/\/inovarrecursodemulta.com.br\/recursodemulta\/wp-json\/wp\/v2\/users\/1"}],"replies":[{"embeddable":true,"href":"https:\/\/inovarrecursodemulta.com.br\/recursodemulta\/wp-json\/wp\/v2\/comments?post=2455"}],"version-history":[{"count":5,"href":"https:\/\/inovarrecursodemulta.com.br\/recursodemulta\/wp-json\/wp\/v2\/pages\/2455\/revisions"}],"predecessor-version":[{"id":2460,"href":"https:\/\/inovarrecursodemulta.com.br\/recursodemulta\/wp-json\/wp\/v2\/pages\/2455\/revisions\/2460"}],"wp:attachment":[{"href":"https:\/\/inovarrecursodemulta.com.br\/recursodemulta\/wp-json\/wp\/v2\/media?parent=2455"}],"curies":[{"name":"wp","href":"https:\/\/api.w.org\/{rel}","templated":true}]}}