{"id":1857,"date":"2021-12-04T12:30:46","date_gmt":"2021-12-04T15:30:46","guid":{"rendered":"https:\/\/inovarrecursodemulta.com.br\/recursodemulta\/?page_id=1857"},"modified":"2021-12-04T12:33:02","modified_gmt":"2021-12-04T15:33:02","slug":"recurso-de-multa-para-frota-de-veiculo","status":"publish","type":"page","link":"https:\/\/inovarrecursodemulta.com.br\/recursodemulta\/recurso-de-multa-para-frota-de-veiculo\/","title":{"rendered":"Recurso de Multa Para Frota de Ve\u00edculo"},"content":{"rendered":"<h2><strong>RECURSO MULTA FROTA DE EMPRESAS\u00a0<\/strong><\/h2>\n<p><strong>Multado Sem Capacete e quer recorrer?<br \/>\n<\/strong><strong>Pe\u00e7a or\u00e7amento de recurso agora e n\u00e3o corra risco de perder sua Habilita\u00e7\u00e3o!<\/strong><br \/>\n[whatsapp phone=&#8221;5521972320304&#8243; blank=&#8221;true&#8221;]Recorrer Multa Moto[\/whatsapp]\n\n<div class=\"contactinfo\">\n\t<div class=\"contactinfo-icon\"><img decoding=\"async\" src=\"https:\/\/inovarrecursodemulta.com.br\/recursodemulta\/wp-content\/uploads\/2021\/09\/support.png\" \/><\/div>\n\t<div class=\"contactinfo-content\">\n\t\t<h5><\/h5>\n\t\t<h4>(21) 97232-0304<\/h4>\n\t<\/div>\n<div class=\"clear\"><\/div>\n<\/div>\n\t\t\n<div class=\"sec_content_main_title\" style=\"text-align:center; color:#ffffff\"><span class=\"sub-title-head\" style=\"text-align:center;\">Saiba porque recorrer com a Inovar se voc\u00ea \u00e9 motorista profissional:<\/span><\/div>\n<div class=\"su-note\"  style=\"border-color:#d6d6d6;border-radius:3px;-moz-border-radius:3px;-webkit-border-radius:3px;\"><div class=\"su-note-inner su-u-clearfix su-u-trim\" style=\"background-color:#F0F0F0;border-color:#ffffff;color:#333333;border-radius:3px;-moz-border-radius:3px;-webkit-border-radius:3px;\">\n<h2><strong>Motoristas profissionais est\u00e3o mais expostos a multas<\/strong><\/h2>\n<p><img loading=\"lazy\" decoding=\"async\" class=\"alignleft wp-image-1863 size-medium\" src=\"https:\/\/inovarrecursodemulta.com.br\/recursodemulta\/wp-content\/uploads\/2021\/12\/caminhao-300x300.png\" alt=\"Recurso de MUlta PRF\" width=\"300\" height=\"300\" srcset=\"https:\/\/inovarrecursodemulta.com.br\/recursodemulta\/wp-content\/uploads\/2021\/12\/caminhao-300x300.png 300w, https:\/\/inovarrecursodemulta.com.br\/recursodemulta\/wp-content\/uploads\/2021\/12\/caminhao-150x150.png 150w, https:\/\/inovarrecursodemulta.com.br\/recursodemulta\/wp-content\/uploads\/2021\/12\/caminhao.png 500w\" sizes=\"auto, (max-width: 300px) 100vw, 300px\" \/><\/p>\n<p>Motoristas profissionais s\u00e3o ainda mais expostos a multas de tr\u00e2nsito diversas.<br \/>\nPorem no caso do motorista profissional,\u00a0 ter muitas multas e consequentemente excesso de pontos na CNH, pode representar muito mais que mero transtorno:<br \/>\npode representar a impossibilidade de trabalhar!<\/p>\n<p>Por isso temos uma pr\u00e1tica de <strong>pre\u00e7os e prazos totalmente diferenciados para profissionais do volante<\/strong>, visando recorrer em multas injustas e recuperar a tranquilidade do motorista profissional de dirigir e exercer sua profiss\u00e3o.<\/p>\n<p><strong><a href=\"https:\/\/inovarrecursodemulta.com.br\/recursodemulta\/contato\/\">Fale com a INOVAR<\/a> <\/strong>e conhe\u00e7a nossos servi\u00e7os de recurso de multas para <strong>Uber<\/strong>, <strong>99<\/strong>, <strong>Uber<\/strong>, <strong>Motoristas de \u00f4nibus<\/strong>, <strong>van<\/strong> e <strong>caminhoneiros<\/strong>.<br \/>\n<strong>Recorra certo, recorra com a melhor do Rio, <a href=\"https:\/\/inovarrecursodemulta.com.br\/recursodemulta\/contato\/\">recorra com a INOVAR<\/a>!<\/strong><\/p>\n<div class=\"custombtn\" style=\"text-align:\">\t\n\t   <a class=\"morebutton\" href=\"https:\/\/web.whatsapp.com\/send?phone=5521972320304&amp;text=Ol%C3%A1,%20gostaria%20de%20saber%20mais%20sobre%20recurso\" target=\"blank\">PE\u00c7A SEU RECURSO<\/a>\t   \t   \n\t<\/div>\n<\/div><\/div>\n<div class=\"social-icons\">\n<a href=\"https:\/\/web.whatsapp.com\/send?phone=5521972320304\" target=\"_blank\" class=\"fab fa-whatsapp\"><\/a>\n<a href=\"https:\/\/www.facebook.com\/Inovar-Recurso-de-Multa-2150788571906370\/\" target=\"_blank\" class=\"fab fa-facebook-f\"><\/a>\n<a href=\"https:\/\/twitter.com\/RecursoMultasRJ\" target=\"_blank\" class=\"fab fa-twitter\"><\/a>\n<a href=\"https:\/\/www.instagram.com\/inovarrecursodemulta\/\" target=\"_blank\" class=\"fab fa-instagram\"><\/a>\n<a href=\"https:\/\/www.youtube.com\/channel\/UC8j0sc9EBux_-YsDmPS6HFw\" target=\"_blank\" class=\"fab fa-youtube\"><\/a>\n<\/div>\n<p>&nbsp;<\/p>\n<p><img loading=\"lazy\" decoding=\"async\" class=\"aligncenter wp-image-1434 size-large\" src=\"https:\/\/inovarrecursodemulta.com.br\/recursodemulta\/wp-content\/uploads\/2021\/09\/recorerr-multa-prf-1024x603.jpg\" alt=\"Recurso Multa PRF\" width=\"1024\" height=\"603\" srcset=\"https:\/\/inovarrecursodemulta.com.br\/recursodemulta\/wp-content\/uploads\/2021\/09\/recorerr-multa-prf-1024x603.jpg 1024w, https:\/\/inovarrecursodemulta.com.br\/recursodemulta\/wp-content\/uploads\/2021\/09\/recorerr-multa-prf-300x177.jpg 300w, https:\/\/inovarrecursodemulta.com.br\/recursodemulta\/wp-content\/uploads\/2021\/09\/recorerr-multa-prf-768x453.jpg 768w, https:\/\/inovarrecursodemulta.com.br\/recursodemulta\/wp-content\/uploads\/2021\/09\/recorerr-multa-prf.jpg 1400w\" sizes=\"auto, (max-width: 1024px) 100vw, 1024px\" \/><\/p>\n","protected":false},"excerpt":{"rendered":"<p>RECURSO MULTA FROTA DE EMPRESAS\u00a0 Multado Sem Capacete e quer recorrer? Pe\u00e7a or\u00e7amento de recurso agora e n\u00e3o corra risco de perder sua Habilita\u00e7\u00e3o! [whatsapp phone=&#8221;5521972320304&#8243; blank=&#8221;true&#8221;]Recorrer Multa Moto[\/whatsapp] &nbsp;<\/p>\n","protected":false},"author":1,"featured_media":0,"parent":0,"menu_order":0,"comment_status":"closed","ping_status":"closed","template":"","meta":{"footnotes":"","_links_to":"","_links_to_target":""},"class_list":["post-1857","page","type-page","status-publish","hentry"],"yoast_head":"<!-- This site is optimized with the Yoast SEO plugin v26.7 - https:\/\/yoast.com\/wordpress\/plugins\/seo\/ -->\n<title>Recurso de Multa Para Frota de Ve\u00edculo - Recurso Lei Seca e Recurso de Multas RJ Recurso Lei Seca e Recurso de Multa RJ<\/title>\n<meta name=\"description\" content=\"Elaboramos recursos de multas e recurso de Lei Seca, t\u00e9cnicos experientes em processos administrativos junto ao Detran RJ e demais org\u00e3os de tr\u00e2nsito\" \/>\n<meta name=\"robots\" content=\"index, follow, max-snippet:-1, max-image-preview:large, max-video-preview:-1\" \/>\n<link rel=\"canonical\" href=\"https:\/\/inovarrecursodemulta.com.br\/recursodemulta\/recurso-de-multa-para-frota-de-veiculo\/\" \/>\n<meta property=\"og:locale\" content=\"pt_BR\" \/>\n<meta property=\"og:type\" content=\"article\" \/>\n<meta property=\"og:title\" content=\"Recurso de Multa Para Frota de Ve\u00edculo - Recurso Lei Seca e Recurso de Multas RJ Recurso Lei Seca e Recurso de Multa RJ\" \/>\n<meta property=\"og:description\" content=\"Elaboramos recursos de multas e recurso de Lei Seca, t\u00e9cnicos experientes em processos administrativos junto ao Detran RJ e demais org\u00e3os de tr\u00e2nsito\" \/>\n<meta property=\"og:url\" content=\"https:\/\/inovarrecursodemulta.com.br\/recursodemulta\/recurso-de-multa-para-frota-de-veiculo\/\" \/>\n<meta property=\"og:site_name\" content=\"Recurso Lei Seca e Recurso de Multas RJ\" \/>\n<meta property=\"article:publisher\" content=\"https:\/\/www.facebook.com\/inovarecursodemulta\/\" \/>\n<meta property=\"article:modified_time\" content=\"2021-12-04T15:33:02+00:00\" \/>\n<meta property=\"og:image\" content=\"https:\/\/inovarrecursodemulta.com.br\/recursodemulta\/wp-content\/uploads\/2021\/12\/caminhao-300x300.png\" \/>\n<meta name=\"twitter:card\" content=\"summary_large_image\" \/>\n<meta name=\"twitter:label1\" content=\"Est. tempo de leitura\" \/>\n\t<meta name=\"twitter:data1\" content=\"2 minutos\" \/>\n<script type=\"application\/ld+json\" class=\"yoast-schema-graph\">{\"@context\":\"https:\/\/schema.org\",\"@graph\":[{\"@type\":\"WebPage\",\"@id\":\"https:\/\/inovarrecursodemulta.com.br\/recursodemulta\/recurso-de-multa-para-frota-de-veiculo\/\",\"url\":\"https:\/\/inovarrecursodemulta.com.br\/recursodemulta\/recurso-de-multa-para-frota-de-veiculo\/\",\"name\":\"Recurso de Multa Para Frota de Ve\u00edculo - Recurso Lei Seca e Recurso de Multas RJ Recurso Lei Seca e Recurso de Multa RJ\",\"isPartOf\":{\"@id\":\"https:\/\/inovarrecursodemulta.com.br\/recursodemulta\/#website\"},\"primaryImageOfPage\":{\"@id\":\"https:\/\/inovarrecursodemulta.com.br\/recursodemulta\/recurso-de-multa-para-frota-de-veiculo\/#primaryimage\"},\"image\":{\"@id\":\"https:\/\/inovarrecursodemulta.com.br\/recursodemulta\/recurso-de-multa-para-frota-de-veiculo\/#primaryimage\"},\"thumbnailUrl\":\"https:\/\/inovarrecursodemulta.com.br\/recursodemulta\/wp-content\/uploads\/2021\/12\/caminhao-300x300.png\",\"datePublished\":\"2021-12-04T15:30:46+00:00\",\"dateModified\":\"2021-12-04T15:33:02+00:00\",\"description\":\"Elaboramos recursos de multas e recurso de Lei Seca, t\u00e9cnicos experientes em processos administrativos junto ao Detran RJ e demais org\u00e3os de tr\u00e2nsito\",\"breadcrumb\":{\"@id\":\"https:\/\/inovarrecursodemulta.com.br\/recursodemulta\/recurso-de-multa-para-frota-de-veiculo\/#breadcrumb\"},\"inLanguage\":\"pt-BR\",\"potentialAction\":[{\"@type\":\"ReadAction\",\"target\":[\"https:\/\/inovarrecursodemulta.com.br\/recursodemulta\/recurso-de-multa-para-frota-de-veiculo\/\"]}]},{\"@type\":\"ImageObject\",\"inLanguage\":\"pt-BR\",\"@id\":\"https:\/\/inovarrecursodemulta.com.br\/recursodemulta\/recurso-de-multa-para-frota-de-veiculo\/#primaryimage\",\"url\":\"https:\/\/inovarrecursodemulta.com.br\/recursodemulta\/wp-content\/uploads\/2021\/12\/caminhao.png\",\"contentUrl\":\"https:\/\/inovarrecursodemulta.com.br\/recursodemulta\/wp-content\/uploads\/2021\/12\/caminhao.png\",\"width\":500,\"height\":498,\"caption\":\"Recurso de MUlta PRF\"},{\"@type\":\"BreadcrumbList\",\"@id\":\"https:\/\/inovarrecursodemulta.com.br\/recursodemulta\/recurso-de-multa-para-frota-de-veiculo\/#breadcrumb\",\"itemListElement\":[{\"@type\":\"ListItem\",\"position\":1,\"name\":\"In\u00edcio\",\"item\":\"https:\/\/inovarrecursodemulta.com.br\/recursodemulta\/\"},{\"@type\":\"ListItem\",\"position\":2,\"name\":\"Recurso de Multa Para Frota de Ve\u00edculo\"}]},{\"@type\":\"WebSite\",\"@id\":\"https:\/\/inovarrecursodemulta.com.br\/recursodemulta\/#website\",\"url\":\"https:\/\/inovarrecursodemulta.com.br\/recursodemulta\/\",\"name\":\"Recurso Lei Seca e Recurso de Multas RJ\",\"description\":\"Recurso Lei Seca e Recurso de Multas de Tr\u00e2nsito, Recurso CNH Suspensa no RJ\",\"potentialAction\":[{\"@type\":\"SearchAction\",\"target\":{\"@type\":\"EntryPoint\",\"urlTemplate\":\"https:\/\/inovarrecursodemulta.com.br\/recursodemulta\/?s={search_term_string}\"},\"query-input\":{\"@type\":\"PropertyValueSpecification\",\"valueRequired\":true,\"valueName\":\"search_term_string\"}}],\"inLanguage\":\"pt-BR\"}]}<\/script>\n<!-- \/ Yoast SEO plugin. -->","yoast_head_json":{"title":"Recurso de Multa Para Frota de Ve\u00edculo - Recurso Lei Seca e Recurso de Multas RJ Recurso Lei Seca e Recurso de Multa RJ","description":"Elaboramos recursos de multas e recurso de Lei Seca, t\u00e9cnicos experientes em processos administrativos junto ao Detran RJ e demais org\u00e3os de tr\u00e2nsito","robots":{"index":"index","follow":"follow","max-snippet":"max-snippet:-1","max-image-preview":"max-image-preview:large","max-video-preview":"max-video-preview:-1"},"canonical":"https:\/\/inovarrecursodemulta.com.br\/recursodemulta\/recurso-de-multa-para-frota-de-veiculo\/","og_locale":"pt_BR","og_type":"article","og_title":"Recurso de Multa Para Frota de Ve\u00edculo - Recurso Lei Seca e Recurso de Multas RJ Recurso Lei Seca e Recurso de Multa RJ","og_description":"Elaboramos recursos de multas e recurso de Lei Seca, t\u00e9cnicos experientes em processos administrativos junto ao Detran RJ e demais org\u00e3os de tr\u00e2nsito","og_url":"https:\/\/inovarrecursodemulta.com.br\/recursodemulta\/recurso-de-multa-para-frota-de-veiculo\/","og_site_name":"Recurso Lei Seca e Recurso de Multas RJ","article_publisher":"https:\/\/www.facebook.com\/inovarecursodemulta\/","article_modified_time":"2021-12-04T15:33:02+00:00","og_image":[{"url":"https:\/\/inovarrecursodemulta.com.br\/recursodemulta\/wp-content\/uploads\/2021\/12\/caminhao-300x300.png","type":"","width":"","height":""}],"twitter_card":"summary_large_image","twitter_misc":{"Est. tempo de leitura":"2 minutos"},"schema":{"@context":"https:\/\/schema.org","@graph":[{"@type":"WebPage","@id":"https:\/\/inovarrecursodemulta.com.br\/recursodemulta\/recurso-de-multa-para-frota-de-veiculo\/","url":"https:\/\/inovarrecursodemulta.com.br\/recursodemulta\/recurso-de-multa-para-frota-de-veiculo\/","name":"Recurso de Multa Para Frota de Ve\u00edculo - Recurso Lei Seca e Recurso de Multas RJ Recurso Lei Seca e Recurso de Multa RJ","isPartOf":{"@id":"https:\/\/inovarrecursodemulta.com.br\/recursodemulta\/#website"},"primaryImageOfPage":{"@id":"https:\/\/inovarrecursodemulta.com.br\/recursodemulta\/recurso-de-multa-para-frota-de-veiculo\/#primaryimage"},"image":{"@id":"https:\/\/inovarrecursodemulta.com.br\/recursodemulta\/recurso-de-multa-para-frota-de-veiculo\/#primaryimage"},"thumbnailUrl":"https:\/\/inovarrecursodemulta.com.br\/recursodemulta\/wp-content\/uploads\/2021\/12\/caminhao-300x300.png","datePublished":"2021-12-04T15:30:46+00:00","dateModified":"2021-12-04T15:33:02+00:00","description":"Elaboramos recursos de multas e recurso de Lei Seca, t\u00e9cnicos experientes em processos administrativos junto ao Detran RJ e demais org\u00e3os de tr\u00e2nsito","breadcrumb":{"@id":"https:\/\/inovarrecursodemulta.com.br\/recursodemulta\/recurso-de-multa-para-frota-de-veiculo\/#breadcrumb"},"inLanguage":"pt-BR","potentialAction":[{"@type":"ReadAction","target":["https:\/\/inovarrecursodemulta.com.br\/recursodemulta\/recurso-de-multa-para-frota-de-veiculo\/"]}]},{"@type":"ImageObject","inLanguage":"pt-BR","@id":"https:\/\/inovarrecursodemulta.com.br\/recursodemulta\/recurso-de-multa-para-frota-de-veiculo\/#primaryimage","url":"https:\/\/inovarrecursodemulta.com.br\/recursodemulta\/wp-content\/uploads\/2021\/12\/caminhao.png","contentUrl":"https:\/\/inovarrecursodemulta.com.br\/recursodemulta\/wp-content\/uploads\/2021\/12\/caminhao.png","width":500,"height":498,"caption":"Recurso de MUlta PRF"},{"@type":"BreadcrumbList","@id":"https:\/\/inovarrecursodemulta.com.br\/recursodemulta\/recurso-de-multa-para-frota-de-veiculo\/#breadcrumb","itemListElement":[{"@type":"ListItem","position":1,"name":"In\u00edcio","item":"https:\/\/inovarrecursodemulta.com.br\/recursodemulta\/"},{"@type":"ListItem","position":2,"name":"Recurso de Multa Para Frota de Ve\u00edculo"}]},{"@type":"WebSite","@id":"https:\/\/inovarrecursodemulta.com.br\/recursodemulta\/#website","url":"https:\/\/inovarrecursodemulta.com.br\/recursodemulta\/","name":"Recurso Lei Seca e Recurso de Multas RJ","description":"Recurso Lei Seca e Recurso de Multas de Tr\u00e2nsito, Recurso CNH Suspensa no RJ","potentialAction":[{"@type":"SearchAction","target":{"@type":"EntryPoint","urlTemplate":"https:\/\/inovarrecursodemulta.com.br\/recursodemulta\/?s={search_term_string}"},"query-input":{"@type":"PropertyValueSpecification","valueRequired":true,"valueName":"search_term_string"}}],"inLanguage":"pt-BR"}]}},"_links":{"self":[{"href":"https:\/\/inovarrecursodemulta.com.br\/recursodemulta\/wp-json\/wp\/v2\/pages\/1857","targetHints":{"allow":["GET"]}}],"collection":[{"href":"https:\/\/inovarrecursodemulta.com.br\/recursodemulta\/wp-json\/wp\/v2\/pages"}],"about":[{"href":"https:\/\/inovarrecursodemulta.com.br\/recursodemulta\/wp-json\/wp\/v2\/types\/page"}],"author":[{"embeddable":true,"href":"https:\/\/inovarrecursodemulta.com.br\/recursodemulta\/wp-json\/wp\/v2\/users\/1"}],"replies":[{"embeddable":true,"href":"https:\/\/inovarrecursodemulta.com.br\/recursodemulta\/wp-json\/wp\/v2\/comments?post=1857"}],"version-history":[{"count":4,"href":"https:\/\/inovarrecursodemulta.com.br\/recursodemulta\/wp-json\/wp\/v2\/pages\/1857\/revisions"}],"predecessor-version":[{"id":1866,"href":"https:\/\/inovarrecursodemulta.com.br\/recursodemulta\/wp-json\/wp\/v2\/pages\/1857\/revisions\/1866"}],"wp:attachment":[{"href":"https:\/\/inovarrecursodemulta.com.br\/recursodemulta\/wp-json\/wp\/v2\/media?parent=1857"}],"curies":[{"name":"wp","href":"https:\/\/api.w.org\/{rel}","templated":true}]}}